t are the prime factors of 5778?
2, 3, 107
What are the prime factors of 2023?
7, 17
What are the prime factors of 1651?
13, 127
List the prime factors of 5785.
5, 13, 89
What are the prime factors of 28062?
2, 3, 1559
What are the prime factors of 60?
2, 3, 5
List the prime factors of 12826.
2, 11, 53
List the prime factors of 130476.
2, 3, 83, 131
List the prime factors of 4608.
2, 3
What are the prime factors of 4176?
2, 3, 29
What are the prime factors of 16441?
41, 401
What are the prime factors of 16212?
2, 3, 7, 193
List the prime factors of 1353.
3, 11, 41
What are the prime factors of 130986?
2, 3, 19, 383
What are the prime factors of 13166?
2, 29, 227
List the prime factors of 77835.
3, 5, 5189
What are the prime factors of 2281?
2281
List the prime factors of 3324.
2, 3, 277
What are the prime factors of 8647?
8647
List the prime factors of 57379.
7, 1171
List the prime factors of 24050.
2, 5, 13, 37
List the prime factors of 30393.
3, 11, 307
What are the prime factors of 1461?
3, 487
List the prime factors of 61394.
2, 30697
What are the prime factors of 26199?
3, 41, 71
List the prime factors of 990.
2, 3, 5, 11
What are the prime factors of 1716?
2, 3, 11, 13
List the prime factors of 645.
3, 5, 43
List the prime factors of 12490.
2, 5, 1249
List the prime factors of 5407.
5407
List the prime factors of 5116.
2, 1279
What are the prime factors of 55036?
2, 13759
List the prime factors of 13916.
2, 7, 71
What are the prime factors of 3851?
3851
List the prime factors of 6285.
3, 5, 419
What are the prime factors of 4031?
29, 139
What are the prime factors of 2948?
2, 11, 67
What are the prime factors of 798?
2, 3, 7, 19
What are the prime factors of 3964?
2, 991
What are the prime factors of 394?
2, 197
What are the prime factors of 55122?
2, 3, 9187
List the prime factors of 857.
857
What are the prime factors of 5560?
2, 5, 139
List the prime factors of 1475.
5, 59
What are the prime factors of 7537?
7537
What are the prime factors of 677?
677
List the prime factors of 233.
233
What are the prime factors of 22472?
2, 53
What are the prime factors of 1249?
1249
What are the prime factors of 2622?
2, 3, 19, 23
List the prime factors of 1182.
2, 3, 197
What are the prime factors of 122527?
122527
What are the prime factors of 4486?
2, 2243
List the prime factors of 108260.
2, 5, 5413
What are the prime factors of 42006?
2, 3, 7001
What are the prime factors of 62394?
2, 3, 10399
What are the prime factors of 4170?
2, 3, 5, 139
List the prime factors of 6549.
3, 37, 59
List the prime factors of 69243.
3, 23081
What are the prime factors of 843?
3, 281
List the prime factors of 54533.
23, 2371
What are the prime factors of 8717?
23, 379
What are the prime factors of 1005?
3, 5, 67
What are the prime factors of 109877?
19, 5783
List the prime factors of 7184.
2, 449
What are the prime factors of 20308?
2, 5077
List the prime factors of 1036.
2, 7, 37
What are the prime factors of 29100?
2, 3, 5, 97
What are the prime factors of 5710?
2, 5, 571
What are the prime factors of 5221?
23, 227
What are the prime factors of 7109?
7109
List the prime factors of 29996.
2, 7499
List the prime factors of 2916.
2, 3
List the prime factors of 264.
2, 3, 11
What are the prime factors of 1886?
2, 23, 41
List the prime factors of 234.
2, 3, 13
List the prime factors of 50327.
59, 853
List the prime factors of 25601.
25601
What are the prime factors of 6981?
3, 13, 179
List the prime factors of 5305.
5, 1061
List the prime factors of 9766.
2, 19, 257
What are the prime factors of 2764?
2, 691
What are the prime factors of 15061?
15061
List the prime factors of 21383.
21383
What are the prime factors of 4848?
2, 3, 101
List the prime factors of 155503.
23, 6761
List the prime factors of 10473.
3, 3491
List the prime factors of 3801.
3, 7, 181
What are the prime factors of 3782?
2, 31, 61
List the prime factors of 791.
7, 113
What are the prime factors of 2332?
2, 11, 53
What are the prime factors of 1364?
2, 11, 31
List the prime factors of 13948.
2, 11, 317
What are the prime factors of 11676?
2, 3, 7, 139
What are the prime factors of 2963?
2963
What are the prime factors of 172?
2, 43
What are the prime factors of 52320?
2, 3, 5, 109
What are the prime factors of 2377?
2377
What are the prime factors of 2645?
5, 23
What are the prime factors of 171638?
2, 85819
List the prime factors of 29923.
23, 1301
List the prime factors of 24260.
2, 5, 1213
What are the prime factors of 2313?
3, 257
What are the prime factors of 2?
2
List the prime factors of 24434.
2, 19, 643
What are the prime factors of 961?
31
What are the prime factors of 12021?
3, 4007
What are the prime factors of 1403?
23, 61
List the prime factors of 5824.
2, 7, 13
List the prime factors of 3221.
3221
What are the prime factors of 11938?
2, 47, 127
List the prime factors of 87081.
3, 29027
List the prime factors of 5181.
3, 11, 157
List the prime factors of 50025.
3, 5, 23, 29
List the prime factors of 704.
2, 11
What are the prime factors of 52259?
52259
What are the prime factors of 5212?
2, 1303
What are the prime factors of 5991?
3, 1997
What are the prime factors of 34927?
53, 659
What are the prime factors of 4683?
3, 7, 223
What are the prime factors of 76259?
76259
List the prime factors of 790.
2, 5, 79
List the prime factors of 16151.
31, 521
List the prime factors of 49296.
2, 3, 13, 79
List the prime factors of 30033.
3, 47, 71
List the prime factors of 4500.
2, 3, 5
What are the prime factors of 1774?
2, 887
List the prime factors of 1817.
23, 79
List the prime factors of 87985.
5, 17597
List the prime factors of 4379.
29, 151
What are the prime factors of 2895?
3, 5, 193
List the prime factors of 503.
503
What are the prime factors of 47124?
2, 3, 7, 11, 17
What are the prime factors of 10305?
3, 5, 229
List the prime factors of 1677.
3, 13, 43
What are the prime factors of 1611?
3, 179
List the prime factors of 74835.
3, 5, 1663
List the prime factors of 2538.
2, 3, 47
List the prime factors of 20654.
2, 23, 449
What are the prime factors of 6408?
2, 3, 89
What are the prime factors of 1600?
2, 5
List the prime factors of 21327.
3, 7109
List the prime factors of 101645.
5, 29, 701
What are the prime factors of 12006?
2, 3, 23, 29
What are the prime factors of 1049?
1049
What are the prime factors of 85981?
7, 71, 173
List the prime factors of 686.
2, 7
List the prime factors of 10994.
2, 23, 239
List the prime factors of 1069.
1069
What are the prime factors of 94656?
2, 3, 17, 29
What are the prime factors of 2524?
2, 631
List the prime factors of 3741.
3, 29, 43
List the prime factors of 9289.
7, 1327
List the prime factors of 80712.
2, 3, 19, 59
What are the prime factors of 45856?
2, 1433
List the prime factors of 34012.
2, 11, 773
What are the prime factors of 672?
2, 3, 7
What are the prime factors of 123134?
2, 11, 29, 193
List the prime factors of 630.
2, 3, 5, 7
List the prime factors of 6052.
2, 17, 89
List the prime factors of 923.
13, 71
List the prime factors of 4683.
3, 7, 223
What are the prime factors of 8632?
2, 13, 83
List the prime factors of 17181.
3, 23, 83
List the prime factors of 1970.
2, 5, 197
What are the prime factors of 9300?
2, 3, 5, 31
List the prime factors of 8789.
11, 17, 47
What are the prime factors of 13543?
29, 467
What are the prime factors of 1347?
3, 449
List the prime factors of 2425.
5, 97
What are the prime factors of 97438?
2, 11, 43, 103
List the prime factors of 364.
2, 7, 13
What are the prime factors of 38469?
3, 12823
List the prime factors of 100579.
23, 4373
What are the prime factors of 485?
5, 97
List the prime factors of 624.
2, 3, 13
List the prime factors of 1771.
7, 11, 23
What are the prime factors of 30960?
2, 3, 5, 43
List the prime factors of 1573.
11, 13
List the prime factors of 83138.
2, 11, 3779
List the prime factors of 2383.
2383
List the prime factors of 732.
2, 3, 61
List the prime factors of 166.
2, 83
List the prime factors of 27246.
2, 3, 19, 239
What are the prime factors of 1786?
2, 19, 47
List the prime factors of 20508.
2, 3, 1709
List the prime factors of 4294.
2, 19, 113
List the prime factors of 23990.
2, 5, 2399
List the prime factors of 1032.
2, 3, 43
What are the prime factors of 109